{"id":1625,"date":"2011-05-05T12:40:16","date_gmt":"2011-05-05T11:40:16","guid":{"rendered":"http:\/\/www.drachenserver.de\/wordpress\/drachenbilder\/jose-del-nido\/"},"modified":"2014-09-10T08:25:49","modified_gmt":"2014-09-10T07:25:49","slug":"jose-del-nido","status":"publish","type":"page","link":"https:\/\/www.drachenserver.de\/wordpress\/drachenbilder\/jose-del-nido\/","title":{"rendered":"Jose Del Nido"},"content":{"rendered":"<fieldset>\n<legend>K\u00fcnstlerinformationen<\/legend>\n<p><strong>Name<\/strong>:\u00a0Jose Del Nido<\/p>\n<p><strong>Webseite<\/strong>:\u00a0http:\/\/www.josedelnido.com\/<\/fieldset>\n<p>\u25c4\u00a0<a title=\"Zur\u00fcck zur \u00dcbersicht der Drachenbildergalerie\" href=\"http:\/\/www.drachenserver.de\/wordpress\/drachenbilder\/\">Zur\u00fcck zur \u00dcbersicht der Drachenbildergalerie<\/a><\/p>\n<hr \/>\n<p><style type='text\/css'>\n    #ngg-gallery-ddbc913235682832bbbbea5aff0175ee .ngg-pro-masonry-item {\n        margin-bottom: 10px;\n    }\n<\/style>\n<div class=\"ngg-pro-masonry-wrapper\">\n    <div class=\"ngg-pro-masonry-spinner\">\n        <i class='fa fa-spin fa-spinner'><\/i>\n    <\/div>\n    <div class=\"ngg-pro-masonry\" id=\"ngg-gallery-ddbc913235682832bbbbea5aff0175ee\">\n        <div class='ngg-pro-masonry-gutter' style='width: 10px'><\/div>\n        <div class='ngg-pro-masonry-sizer' style='width: 180px'><\/div>\n                    <div class='ngg-pro-masonry-item' style='height: 262px; max-width: 180px;'>\n                <a href=\"https:\/\/www.drachenserver.de\/wordpress\/wp-content\/gallery\/jose-del-nido\/Jose_del_Nido_001.jpg\"\n                   title=\"Seine Wasser lassen Seelen in sich verschwinden. Nur die Verzweifelten baden sich in ihm\"\n                   data-src=\"https:\/\/www.drachenserver.de\/wordpress\/wp-content\/gallery\/jose-del-nido\/Jose_del_Nido_001.jpg\"\n                   data-thumbnail=\"https:\/\/www.drachenserver.de\/wordpress\/wp-content\/gallery\/jose-del-nido\/cache\/Jose_del_Nido_001.jpg-nggid03509-ngg0dyn-180x0-00f0w010c010r110f110r010t010.jpg\"\n                   data-image-id=\"509\"\n                   data-title=\"Hallen&#039;s Swamp\"\n                   data-description=\"Seine Wasser lassen Seelen in sich verschwinden. Nur die Verzweifelten baden sich in ihm\"\n                   data-ngg-captions-nostylecopy=\"1\"\n                    class=\"ngg-fancybox\" rel=\"ddbc913235682832bbbbea5aff0175ee\">\n                    <picture>\n\t\n<source srcset='https:\/\/www.drachenserver.de\/wordpress\/wp-content\/gallery\/jose-del-nido\/cache\/Jose_del_Nido_001.jpg-nggid03509-ngg0dyn-180x0-00f0w010c010r110f110r010t010.jpg' media=''>\n<img title=\"Hallen&#039;s Swamp\" alt=\"Hallen&#039;s Swamp\" width=\"180\" height=\"262\" style=\"max-width:180px;max-height:262px\" src=\"https:\/\/www.drachenserver.de\/wordpress\/wp-content\/gallery\/jose-del-nido\/cache\/Jose_del_Nido_001.jpg-nggid03509-ngg0dyn-180x0-00f0w010c010r110f110r010t010.jpg\" srcset=\"https:\/\/www.drachenserver.de\/wordpress\/wp-content\/gallery\/jose-del-nido\/cache\/Jose_del_Nido_001.jpg-nggid03509-ngg0dyn-180x0-00f0w010c010r110f110r010t010.jpg\" onerror=\"nggRetryFailedImage(this);\"\/>\n<\/picture>                <\/a>\n            <\/div>\n                                            <div class='ngg-pro-masonry-item' style='height: 248px; max-width: 180px;'>\n                <a href=\"https:\/\/www.drachenserver.de\/wordpress\/wp-content\/gallery\/jose-del-nido\/Jose_del_Nido_002.jpg\"\n                   title=\"Die T\u00e4towierung auf der Schulter ist das Zeichen, auf das der Drache gewartet hat. Jetzt wei\u00df er wer vor ihm steht...\"\n                   data-src=\"https:\/\/www.drachenserver.de\/wordpress\/wp-content\/gallery\/jose-del-nido\/Jose_del_Nido_002.jpg\"\n                   data-thumbnail=\"https:\/\/www.drachenserver.de\/wordpress\/wp-content\/gallery\/jose-del-nido\/cache\/Jose_del_Nido_002.jpg-nggid03510-ngg0dyn-180x0-00f0w010c010r110f110r010t010.jpg\"\n                   data-image-id=\"510\"\n                   data-title=\"Tattooed Dragon\"\n                   data-description=\"Die T\u00e4towierung auf der Schulter ist das Zeichen, auf das der Drache gewartet hat. Jetzt wei\u00df er wer vor ihm steht...\"\n                   data-ngg-captions-nostylecopy=\"1\"\n                    class=\"ngg-fancybox\" rel=\"ddbc913235682832bbbbea5aff0175ee\">\n                    <picture>\n\t\n<source srcset='https:\/\/www.drachenserver.de\/wordpress\/wp-content\/gallery\/jose-del-nido\/cache\/Jose_del_Nido_002.jpg-nggid03510-ngg0dyn-180x0-00f0w010c010r110f110r010t010.jpg' media=''>\n<img title=\"Tattooed Dragon\" alt=\"Tattooed Dragon\" width=\"180\" height=\"248\" style=\"max-width:180px;max-height:248px\" src=\"https:\/\/www.drachenserver.de\/wordpress\/wp-content\/gallery\/jose-del-nido\/cache\/Jose_del_Nido_002.jpg-nggid03510-ngg0dyn-180x0-00f0w010c010r110f110r010t010.jpg\" srcset=\"https:\/\/www.drachenserver.de\/wordpress\/wp-content\/gallery\/jose-del-nido\/cache\/Jose_del_Nido_002.jpg-nggid03510-ngg0dyn-180x0-00f0w010c010r110f110r010t010.jpg\" onerror=\"nggRetryFailedImage(this);\"\/>\n<\/picture>                <\/a>\n            <\/div>\n                                            <div class='ngg-pro-masonry-item' style='height: 248px; max-width: 180px;'>\n                <a href=\"https:\/\/www.drachenserver.de\/wordpress\/wp-content\/gallery\/jose-del-nido\/Jose_del_Nido_003.jpg\"\n                   title=\"Warum versuchst Du meine Aufmerksamkeit zu erregen?\"\n                   data-src=\"https:\/\/www.drachenserver.de\/wordpress\/wp-content\/gallery\/jose-del-nido\/Jose_del_Nido_003.jpg\"\n                   data-thumbnail=\"https:\/\/www.drachenserver.de\/wordpress\/wp-content\/gallery\/jose-del-nido\/cache\/Jose_del_Nido_003.jpg-nggid03511-ngg0dyn-180x0-00f0w010c010r110f110r010t010.jpg\"\n                   data-image-id=\"511\"\n                   data-title=\"Dragon Lady\"\n                   data-description=\"Warum versuchst Du meine Aufmerksamkeit zu erregen?\"\n                   data-ngg-captions-nostylecopy=\"1\"\n                    class=\"ngg-fancybox\" rel=\"ddbc913235682832bbbbea5aff0175ee\">\n                    <picture>\n\t\n<source srcset='https:\/\/www.drachenserver.de\/wordpress\/wp-content\/gallery\/jose-del-nido\/cache\/Jose_del_Nido_003.jpg-nggid03511-ngg0dyn-180x0-00f0w010c010r110f110r010t010.jpg' media=''>\n<img title=\"Dragon Lady\" alt=\"Dragon Lady\" width=\"180\" height=\"248\" style=\"max-width:180px;max-height:248px\" src=\"https:\/\/www.drachenserver.de\/wordpress\/wp-content\/gallery\/jose-del-nido\/cache\/Jose_del_Nido_003.jpg-nggid03511-ngg0dyn-180x0-00f0w010c010r110f110r010t010.jpg\" srcset=\"https:\/\/www.drachenserver.de\/wordpress\/wp-content\/gallery\/jose-del-nido\/cache\/Jose_del_Nido_003.jpg-nggid03511-ngg0dyn-180x0-00f0w010c010r110f110r010t010.jpg\" onerror=\"nggRetryFailedImage(this);\"\/>\n<\/picture>                <\/a>\n            <\/div>\n                                            <div class='ngg-pro-masonry-item' style='height: 248px; max-width: 180px;'>\n                <a href=\"https:\/\/www.drachenserver.de\/wordpress\/wp-content\/gallery\/jose-del-nido\/Jose_del_Nido_004.jpg\"\n                   title=\"Auch wenn der Spiegel des Drachen Dir zeigt, dass sich dein Aussehen ver\u00e4ndert hat, wird deine Seele weiterhin dunkel bleiben\"\n                   data-src=\"https:\/\/www.drachenserver.de\/wordpress\/wp-content\/gallery\/jose-del-nido\/Jose_del_Nido_004.jpg\"\n                   data-thumbnail=\"https:\/\/www.drachenserver.de\/wordpress\/wp-content\/gallery\/jose-del-nido\/cache\/Jose_del_Nido_004.jpg-nggid03512-ngg0dyn-180x0-00f0w010c010r110f110r010t010.jpg\"\n                   data-image-id=\"512\"\n                   data-title=\"The Mirror\"\n                   data-description=\"Auch wenn der Spiegel des Drachen Dir zeigt, dass sich dein Aussehen ver\u00e4ndert hat, wird deine Seele weiterhin dunkel bleiben\"\n                   data-ngg-captions-nostylecopy=\"1\"\n                    class=\"ngg-fancybox\" rel=\"ddbc913235682832bbbbea5aff0175ee\">\n                    <picture>\n\t\n<source srcset='https:\/\/www.drachenserver.de\/wordpress\/wp-content\/gallery\/jose-del-nido\/cache\/Jose_del_Nido_004.jpg-nggid03512-ngg0dyn-180x0-00f0w010c010r110f110r010t010.jpg' media=''>\n<img title=\"The Mirror\" alt=\"The Mirror\" width=\"180\" height=\"248\" style=\"max-width:180px;max-height:248px\" src=\"https:\/\/www.drachenserver.de\/wordpress\/wp-content\/gallery\/jose-del-nido\/cache\/Jose_del_Nido_004.jpg-nggid03512-ngg0dyn-180x0-00f0w010c010r110f110r010t010.jpg\" srcset=\"https:\/\/www.drachenserver.de\/wordpress\/wp-content\/gallery\/jose-del-nido\/cache\/Jose_del_Nido_004.jpg-nggid03512-ngg0dyn-180x0-00f0w010c010r110f110r010t010.jpg\" onerror=\"nggRetryFailedImage(this);\"\/>\n<\/picture>                <\/a>\n            <\/div>\n                                            <div class='ngg-pro-masonry-item' style='height: 248px; max-width: 180px;'>\n                <a href=\"https:\/\/www.drachenserver.de\/wordpress\/wp-content\/gallery\/jose-del-nido\/Jose_del_Nido_005.jpg\"\n                   title=\"Der Atem des Drachen dringt in ihre Lungen ein, die vor Angst zerrei\u00dfen. das Ergebnis wird t\u00f6dlich sein.\"\n                   data-src=\"https:\/\/www.drachenserver.de\/wordpress\/wp-content\/gallery\/jose-del-nido\/Jose_del_Nido_005.jpg\"\n                   data-thumbnail=\"https:\/\/www.drachenserver.de\/wordpress\/wp-content\/gallery\/jose-del-nido\/cache\/Jose_del_Nido_005.jpg-nggid03513-ngg0dyn-180x0-00f0w010c010r110f110r010t010.jpg\"\n                   data-image-id=\"513\"\n                   data-title=\"Anxiety\"\n                   data-description=\"Der Atem des Drachen dringt in ihre Lungen ein, die vor Angst zerrei\u00dfen. das Ergebnis wird t\u00f6dlich sein.\"\n                   data-ngg-captions-nostylecopy=\"1\"\n                    class=\"ngg-fancybox\" rel=\"ddbc913235682832bbbbea5aff0175ee\">\n                    <picture>\n\t\n<source srcset='https:\/\/www.drachenserver.de\/wordpress\/wp-content\/gallery\/jose-del-nido\/cache\/Jose_del_Nido_005.jpg-nggid03513-ngg0dyn-180x0-00f0w010c010r110f110r010t010.jpg' media=''>\n<img title=\"Anxiety\" alt=\"Anxiety\" width=\"180\" height=\"248\" style=\"max-width:180px;max-height:248px\" src=\"https:\/\/www.drachenserver.de\/wordpress\/wp-content\/gallery\/jose-del-nido\/cache\/Jose_del_Nido_005.jpg-nggid03513-ngg0dyn-180x0-00f0w010c010r110f110r010t010.jpg\" srcset=\"https:\/\/www.drachenserver.de\/wordpress\/wp-content\/gallery\/jose-del-nido\/cache\/Jose_del_Nido_005.jpg-nggid03513-ngg0dyn-180x0-00f0w010c010r110f110r010t010.jpg\" onerror=\"nggRetryFailedImage(this);\"\/>\n<\/picture>                <\/a>\n            <\/div>\n                                            <div class='ngg-pro-masonry-item' style='height: 248px; max-width: 180px;'>\n                <a href=\"https:\/\/www.drachenserver.de\/wordpress\/wp-content\/gallery\/jose-del-nido\/Jose_del_Nido_006.jpg\"\n                   title=\"Die gefl\u00fcgelten Teufel fliegen \u00fcber die H\u00fcgel, w\u00e4hrend eine Amazone ihren Rundgang macht\"\n                   data-src=\"https:\/\/www.drachenserver.de\/wordpress\/wp-content\/gallery\/jose-del-nido\/Jose_del_Nido_006.jpg\"\n                   data-thumbnail=\"https:\/\/www.drachenserver.de\/wordpress\/wp-content\/gallery\/jose-del-nido\/cache\/Jose_del_Nido_006.jpg-nggid03514-ngg0dyn-180x0-00f0w010c010r110f110r010t010.jpg\"\n                   data-image-id=\"514\"\n                   data-title=\"Patrol\"\n                   data-description=\"Die gefl\u00fcgelten Teufel fliegen \u00fcber die H\u00fcgel, w\u00e4hrend eine Amazone ihren Rundgang macht\"\n                   data-ngg-captions-nostylecopy=\"1\"\n                    class=\"ngg-fancybox\" rel=\"ddbc913235682832bbbbea5aff0175ee\">\n                    <picture>\n\t\n<source srcset='https:\/\/www.drachenserver.de\/wordpress\/wp-content\/gallery\/jose-del-nido\/cache\/Jose_del_Nido_006.jpg-nggid03514-ngg0dyn-180x0-00f0w010c010r110f110r010t010.jpg' media=''>\n<img title=\"Patrol\" alt=\"Patrol\" width=\"180\" height=\"248\" style=\"max-width:180px;max-height:248px\" src=\"https:\/\/www.drachenserver.de\/wordpress\/wp-content\/gallery\/jose-del-nido\/cache\/Jose_del_Nido_006.jpg-nggid03514-ngg0dyn-180x0-00f0w010c010r110f110r010t010.jpg\" srcset=\"https:\/\/www.drachenserver.de\/wordpress\/wp-content\/gallery\/jose-del-nido\/cache\/Jose_del_Nido_006.jpg-nggid03514-ngg0dyn-180x0-00f0w010c010r110f110r010t010.jpg\" onerror=\"nggRetryFailedImage(this);\"\/>\n<\/picture>                <\/a>\n            <\/div>\n                                            <div class='ngg-pro-masonry-item' style='height: 249px; max-width: 180px;'>\n                <a href=\"https:\/\/www.drachenserver.de\/wordpress\/wp-content\/gallery\/jose-del-nido\/Jose_del_Nido_007.jpg\"\n                   title=\"Der Herr der gr\u00fcnen Seele, der das Nebeltal bewohnt, befindet sich schon hinter ihr. Ihre Reaktion kommt wohl zu sp\u00e4t.\"\n                   data-src=\"https:\/\/www.drachenserver.de\/wordpress\/wp-content\/gallery\/jose-del-nido\/Jose_del_Nido_007.jpg\"\n                   data-thumbnail=\"https:\/\/www.drachenserver.de\/wordpress\/wp-content\/gallery\/jose-del-nido\/cache\/Jose_del_Nido_007.jpg-nggid03515-ngg0dyn-180x0-00f0w010c010r110f110r010t010.jpg\"\n                   data-image-id=\"515\"\n                   data-title=\"Unexpected\"\n                   data-description=\"Der Herr der gr\u00fcnen Seele, der das Nebeltal bewohnt, befindet sich schon hinter ihr. Ihre Reaktion kommt wohl zu sp\u00e4t.\"\n                   data-ngg-captions-nostylecopy=\"1\"\n                    class=\"ngg-fancybox\" rel=\"ddbc913235682832bbbbea5aff0175ee\">\n                    <picture>\n\t\n<source srcset='https:\/\/www.drachenserver.de\/wordpress\/wp-content\/gallery\/jose-del-nido\/cache\/Jose_del_Nido_007.jpg-nggid03515-ngg0dyn-180x0-00f0w010c010r110f110r010t010.jpg' media=''>\n<img title=\"Unexpected\" alt=\"Unexpected\" width=\"180\" height=\"249\" style=\"max-width:180px;max-height:249px\" src=\"https:\/\/www.drachenserver.de\/wordpress\/wp-content\/gallery\/jose-del-nido\/cache\/Jose_del_Nido_007.jpg-nggid03515-ngg0dyn-180x0-00f0w010c010r110f110r010t010.jpg\" srcset=\"https:\/\/www.drachenserver.de\/wordpress\/wp-content\/gallery\/jose-del-nido\/cache\/Jose_del_Nido_007.jpg-nggid03515-ngg0dyn-180x0-00f0w010c010r110f110r010t010.jpg\" onerror=\"nggRetryFailedImage(this);\"\/>\n<\/picture>                <\/a>\n            <\/div>\n                                            <div class='ngg-pro-masonry-item' style='height: 248px; max-width: 180px;'>\n                <a href=\"https:\/\/www.drachenserver.de\/wordpress\/wp-content\/gallery\/jose-del-nido\/Jose_del_Nido_008.jpg\"\n                   title=\"Der Drache der schwarzen Dame stillt seinen Durst an den Wassern des Sees, in dem noch immer die Seelen der verdammten umherirren\"\n                   data-src=\"https:\/\/www.drachenserver.de\/wordpress\/wp-content\/gallery\/jose-del-nido\/Jose_del_Nido_008.jpg\"\n                   data-thumbnail=\"https:\/\/www.drachenserver.de\/wordpress\/wp-content\/gallery\/jose-del-nido\/cache\/Jose_del_Nido_008.jpg-nggid03516-ngg0dyn-180x0-00f0w010c010r110f110r010t010.jpg\"\n                   data-image-id=\"516\"\n                   data-title=\"The water of the lake\"\n                   data-description=\"Der Drache der schwarzen Dame stillt seinen Durst an den Wassern des Sees, in dem noch immer die Seelen der verdammten umherirren\"\n                   data-ngg-captions-nostylecopy=\"1\"\n                    class=\"ngg-fancybox\" rel=\"ddbc913235682832bbbbea5aff0175ee\">\n                    <picture>\n\t\n<source srcset='https:\/\/www.drachenserver.de\/wordpress\/wp-content\/gallery\/jose-del-nido\/cache\/Jose_del_Nido_008.jpg-nggid03516-ngg0dyn-180x0-00f0w010c010r110f110r010t010.jpg' media=''>\n<img title=\"The water of the lake\" alt=\"The water of the lake\" width=\"180\" height=\"248\" style=\"max-width:180px;max-height:248px\" src=\"https:\/\/www.drachenserver.de\/wordpress\/wp-content\/gallery\/jose-del-nido\/cache\/Jose_del_Nido_008.jpg-nggid03516-ngg0dyn-180x0-00f0w010c010r110f110r010t010.jpg\" srcset=\"https:\/\/www.drachenserver.de\/wordpress\/wp-content\/gallery\/jose-del-nido\/cache\/Jose_del_Nido_008.jpg-nggid03516-ngg0dyn-180x0-00f0w010c010r110f110r010t010.jpg\" onerror=\"nggRetryFailedImage(this);\"\/>\n<\/picture>                <\/a>\n            <\/div>\n                                            <div class='ngg-pro-masonry-item' style='height: 263px; max-width: 180px;'>\n                <a href=\"https:\/\/www.drachenserver.de\/wordpress\/wp-content\/gallery\/jose-del-nido\/Jose_del_Nido_009.jpg\"\n                   title=\"Schreckliche Bilder n\u00e4hern sich der Zauberin, die von unruhigen Tr\u00e4umen geplagt wird. Vielleicht sind sie Teil Ihrer Albtr\u00e4ume, vielleicht auch nicht.\"\n                   data-src=\"https:\/\/www.drachenserver.de\/wordpress\/wp-content\/gallery\/jose-del-nido\/Jose_del_Nido_009.jpg\"\n                   data-thumbnail=\"https:\/\/www.drachenserver.de\/wordpress\/wp-content\/gallery\/jose-del-nido\/cache\/Jose_del_Nido_009.jpg-nggid03517-ngg0dyn-180x0-00f0w010c010r110f110r010t010.jpg\"\n                   data-image-id=\"517\"\n                   data-title=\"Nightmares\"\n                   data-description=\"Schreckliche Bilder n\u00e4hern sich der Zauberin, die von unruhigen Tr\u00e4umen geplagt wird. Vielleicht sind sie Teil Ihrer Albtr\u00e4ume, vielleicht auch nicht.\"\n                   data-ngg-captions-nostylecopy=\"1\"\n                    class=\"ngg-fancybox\" rel=\"ddbc913235682832bbbbea5aff0175ee\">\n                    <picture>\n\t\n<source srcset='https:\/\/www.drachenserver.de\/wordpress\/wp-content\/gallery\/jose-del-nido\/cache\/Jose_del_Nido_009.jpg-nggid03517-ngg0dyn-180x0-00f0w010c010r110f110r010t010.jpg' media=''>\n<img title=\"Nightmares\" alt=\"Nightmares\" width=\"180\" height=\"263\" style=\"max-width:180px;max-height:263px\" src=\"https:\/\/www.drachenserver.de\/wordpress\/wp-content\/gallery\/jose-del-nido\/cache\/Jose_del_Nido_009.jpg-nggid03517-ngg0dyn-180x0-00f0w010c010r110f110r010t010.jpg\" srcset=\"https:\/\/www.drachenserver.de\/wordpress\/wp-content\/gallery\/jose-del-nido\/cache\/Jose_del_Nido_009.jpg-nggid03517-ngg0dyn-180x0-00f0w010c010r110f110r010t010.jpg\" onerror=\"nggRetryFailedImage(this);\"\/>\n<\/picture>                <\/a>\n            <\/div>\n                                            <div class='ngg-pro-masonry-item' style='height: 248px; max-width: 180px;'>\n                <a href=\"https:\/\/www.drachenserver.de\/wordpress\/wp-content\/gallery\/jose-del-nido\/Jose_del_Nido_010.jpg\"\n                   title=\"Erregt durch den Geruch von Angst, den Ihre Beute ausstr\u00f6mt, n\u00e4hern sie sich, bereit, den Opferritus zu vollziehen.\"\n                   data-src=\"https:\/\/www.drachenserver.de\/wordpress\/wp-content\/gallery\/jose-del-nido\/Jose_del_Nido_010.jpg\"\n                   data-thumbnail=\"https:\/\/www.drachenserver.de\/wordpress\/wp-content\/gallery\/jose-del-nido\/cache\/Jose_del_Nido_010.jpg-nggid03518-ngg0dyn-180x0-00f0w010c010r110f110r010t010.jpg\"\n                   data-image-id=\"518\"\n                   data-title=\"Split Tongues\"\n                   data-description=\"Erregt durch den Geruch von Angst, den Ihre Beute ausstr\u00f6mt, n\u00e4hern sie sich, bereit, den Opferritus zu vollziehen.\"\n                   data-ngg-captions-nostylecopy=\"1\"\n                    class=\"ngg-fancybox\" rel=\"ddbc913235682832bbbbea5aff0175ee\">\n                    <picture>\n\t\n<source srcset='https:\/\/www.drachenserver.de\/wordpress\/wp-content\/gallery\/jose-del-nido\/cache\/Jose_del_Nido_010.jpg-nggid03518-ngg0dyn-180x0-00f0w010c010r110f110r010t010.jpg' media=''>\n<img title=\"Split Tongues\" alt=\"Split Tongues\" width=\"180\" height=\"248\" style=\"max-width:180px;max-height:248px\" src=\"https:\/\/www.drachenserver.de\/wordpress\/wp-content\/gallery\/jose-del-nido\/cache\/Jose_del_Nido_010.jpg-nggid03518-ngg0dyn-180x0-00f0w010c010r110f110r010t010.jpg\" srcset=\"https:\/\/www.drachenserver.de\/wordpress\/wp-content\/gallery\/jose-del-nido\/cache\/Jose_del_Nido_010.jpg-nggid03518-ngg0dyn-180x0-00f0w010c010r110f110r010t010.jpg\" onerror=\"nggRetryFailedImage(this);\"\/>\n<\/picture>                <\/a>\n            <\/div>\n                                            <div class='ngg-pro-masonry-item' style='height: 259px; max-width: 180px;'>\n                <a href=\"https:\/\/www.drachenserver.de\/wordpress\/wp-content\/gallery\/jose-del-nido\/Jose_del_Nido_011.jpg\"\n                   title=\"Der Drache st\u00f6\u00dft seinen letzten Schrei aus. Die wei\u00dfe Zauberin f\u00e4ngt sein Blut auf, dass aus seinem Maul flie\u00dft.\"\n                   data-src=\"https:\/\/www.drachenserver.de\/wordpress\/wp-content\/gallery\/jose-del-nido\/Jose_del_Nido_011.jpg\"\n                   data-thumbnail=\"https:\/\/www.drachenserver.de\/wordpress\/wp-content\/gallery\/jose-del-nido\/cache\/Jose_del_Nido_011.jpg-nggid03519-ngg0dyn-180x0-00f0w010c010r110f110r010t010.jpg\"\n                   data-image-id=\"519\"\n                   data-title=\"Final breath\"\n                   data-description=\"Der Drache st\u00f6\u00dft seinen letzten Schrei aus. Die wei\u00dfe Zauberin f\u00e4ngt sein Blut auf, dass aus seinem Maul flie\u00dft.\"\n                   data-ngg-captions-nostylecopy=\"1\"\n                    class=\"ngg-fancybox\" rel=\"ddbc913235682832bbbbea5aff0175ee\">\n                    <picture>\n\t\n<source srcset='https:\/\/www.drachenserver.de\/wordpress\/wp-content\/gallery\/jose-del-nido\/cache\/Jose_del_Nido_011.jpg-nggid03519-ngg0dyn-180x0-00f0w010c010r110f110r010t010.jpg' media=''>\n<img title=\"Final breath\" alt=\"Final breath\" width=\"180\" height=\"259\" style=\"max-width:180px;max-height:259px\" src=\"https:\/\/www.drachenserver.de\/wordpress\/wp-content\/gallery\/jose-del-nido\/cache\/Jose_del_Nido_011.jpg-nggid03519-ngg0dyn-180x0-00f0w010c010r110f110r010t010.jpg\" srcset=\"https:\/\/www.drachenserver.de\/wordpress\/wp-content\/gallery\/jose-del-nido\/cache\/Jose_del_Nido_011.jpg-nggid03519-ngg0dyn-180x0-00f0w010c010r110f110r010t010.jpg\" onerror=\"nggRetryFailedImage(this);\"\/>\n<\/picture>                <\/a>\n            <\/div>\n                                            <div class='ngg-pro-masonry-item' style='height: 263px; max-width: 180px;'>\n                <a href=\"https:\/\/www.drachenserver.de\/wordpress\/wp-content\/gallery\/jose-del-nido\/Jose_del_Nido_012.jpg\"\n                   title=\"Brom&#039;s Sklavin, die sich seinen l\u00fcsternen W\u00fcnschen f\u00fcgen muss, wartet auf die Gelegenheit den Schlag zu versetzen, der ihre Rache vollenden wird.\"\n                   data-src=\"https:\/\/www.drachenserver.de\/wordpress\/wp-content\/gallery\/jose-del-nido\/Jose_del_Nido_012.jpg\"\n                   data-thumbnail=\"https:\/\/www.drachenserver.de\/wordpress\/wp-content\/gallery\/jose-del-nido\/cache\/Jose_del_Nido_012.jpg-nggid03520-ngg0dyn-180x0-00f0w010c010r110f110r010t010.jpg\"\n                   data-image-id=\"520\"\n                   data-title=\"The cave of the Broms\"\n                   data-description=\"Brom&#039;s Sklavin, die sich seinen l\u00fcsternen W\u00fcnschen f\u00fcgen muss, wartet auf die Gelegenheit den Schlag zu versetzen, der ihre Rache vollenden wird.\"\n                   data-ngg-captions-nostylecopy=\"1\"\n                    class=\"ngg-fancybox\" rel=\"ddbc913235682832bbbbea5aff0175ee\">\n                    <picture>\n\t\n<source srcset='https:\/\/www.drachenserver.de\/wordpress\/wp-content\/gallery\/jose-del-nido\/cache\/Jose_del_Nido_012.jpg-nggid03520-ngg0dyn-180x0-00f0w010c010r110f110r010t010.jpg' media=''>\n<img title=\"The cave of the Broms\" alt=\"The cave of the Broms\" width=\"180\" height=\"263\" style=\"max-width:180px;max-height:263px\" src=\"https:\/\/www.drachenserver.de\/wordpress\/wp-content\/gallery\/jose-del-nido\/cache\/Jose_del_Nido_012.jpg-nggid03520-ngg0dyn-180x0-00f0w010c010r110f110r010t010.jpg\" srcset=\"https:\/\/www.drachenserver.de\/wordpress\/wp-content\/gallery\/jose-del-nido\/cache\/Jose_del_Nido_012.jpg-nggid03520-ngg0dyn-180x0-00f0w010c010r110f110r010t010.jpg\" onerror=\"nggRetryFailedImage(this);\"\/>\n<\/picture>                <\/a>\n            <\/div>\n                                            <\/div><\/div><\/p>\n\n","protected":false},"excerpt":{"rendered":"<p>K\u00fcnstlerinformationen Name:\u00a0Jose Del Nido Webseite:\u00a0http:\/\/www.josedelnido.com\/ \u25c4\u00a0Zur\u00fcck zur \u00dcbersicht der Drachenbildergalerie<\/p>\n","protected":false},"author":1,"featured_media":0,"parent":1605,"menu_order":0,"comment_status":"closed","ping_status":"open","template":"","meta":{"ngg_post_thumbnail":0,"footnotes":""},"class_list":["post-1625","page","type-page","status-publish","hentry"],"jetpack_sharing_enabled":true,"_links":{"self":[{"href":"https:\/\/www.drachenserver.de\/wordpress\/wp-json\/wp\/v2\/pages\/1625","targetHints":{"allow":["GET"]}}],"collection":[{"href":"https:\/\/www.drachenserver.de\/wordpress\/wp-json\/wp\/v2\/pages"}],"about":[{"href":"https:\/\/www.drachenserver.de\/wordpress\/wp-json\/wp\/v2\/types\/page"}],"author":[{"embeddable":true,"href":"https:\/\/www.drachenserver.de\/wordpress\/wp-json\/wp\/v2\/users\/1"}],"replies":[{"embeddable":true,"href":"https:\/\/www.drachenserver.de\/wordpress\/wp-json\/wp\/v2\/comments?post=1625"}],"version-history":[{"count":0,"href":"https:\/\/www.drachenserver.de\/wordpress\/wp-json\/wp\/v2\/pages\/1625\/revisions"}],"up":[{"embeddable":true,"href":"https:\/\/www.drachenserver.de\/wordpress\/wp-json\/wp\/v2\/pages\/1605"}],"wp:attachment":[{"href":"https:\/\/www.drachenserver.de\/wordpress\/wp-json\/wp\/v2\/media?parent=1625"}],"curies":[{"name":"wp","href":"https:\/\/api.w.org\/{rel}","templated":true}]}}